 = -2. Suppose 7*a - 2*a - r*w = 290, 0 = w. Calculate the highest common divisor of 145 and a.
29
Let a(f) = -f + 30. Let q be a(22). What is the highest common divisor of q and 1232?
8
Let m(u) = 306*u + 1962. Let p be m(-6). Calculate the greatest common divisor of p and 966.
42
Let o be ((-6)/(-8))/(-10 + 148*(-117)/(-1728)). What is the greatest common factor of o and 1764?
36
Let s = 19746 - 19406. Calculate the greatest common factor of 170 and s.
170
Let n be 1809/36*40/6. Calculate the greatest common divisor of n and 40.
5
Let z be 4/(-3) - (-184)/(-24). Let n be (-26)/(-117) + (1 - 457/z). Calculate the highest common divisor of n and 39.
13
Let n(b) = 14*b**2 - b + 24. Let v be n(-4). Calculate the highest common factor of v and 182.
14
Let d(l) = -8*l + 24. Let y = 46 - 6. Let w(r) = 104*r - 312. Let f(h) = y*d(h) + 3*w(h). Let n be f(-9). What is the highest common divisor of n and 64?
32
Suppose 22 = 7*f + 8. Suppose -2*i + 10 = -f. What is the highest common divisor of i and 54?
6
Suppose 3*x + 18*l = 23*l + 59, -69 = -4*x - 3*l. Calculate the greatest common factor of x and 46242.
18
Let n(p) = p**2 + 6*p + 4. Let s be 16/6*(6/8 + -3). Let a be n(s). Suppose 0 = 3*x - a*x + 132. Calculate the highest common divisor of x and 12.
12
Let i = 127 - 83. Let p = 13 + -8. Let f be (-8)/p*(-15)/6. Calculate the greatest common divisor of i and f.
4
Suppose 7*c = -c - 96. Let h be (-3)/c - 2895/(-4). Let j be h/10 - 6/15. Calculate the highest common divisor of j and 48.
24
Suppose 11*j + 10691 = 3431. Let r = j + 770. Calculate the highest common divisor of 40 and r.
10
Suppose 0 = b - 4*b - 90. Let s be (b/26 - -1) + (-2862)/(-351). Calculate the greatest common factor of 72 and s.
8
Suppose 0*f - 3*z + 39 = 2*f, -f + 9 = -2*z. Suppose -3*x - 175 = -4*s, -3*x = -6*x - f. What is the greatest common divisor of s and 8?
8
Suppose 0 = -538*y + 592*y - 290628. What is the highest common divisor of 117 and y?
117
Let b = 8258 + -8216. Calculate the highest common factor of b and 206.
2
Suppose -3*z = 6, -3*g + 2*z + 19 = -15. Let p = 12 - g. Let i(b) = -145*b + 294. Let t be i(2). Calculate the greatest common divisor of p and t.
2
Suppose 208 = -5*b - f + 732, 0 = 4*b + 4*f - 400. What is the greatest common divisor of b and 5671?
53
Let t = -24 - -22. Let a be (108/30)/(t/(-45)). Suppose -4*r + 5*i + 0*i = -231, -5*r = 2*i - 264. Calculate the highest common divisor of r and a.
27
Let j(p) = 62*p + 272. Let b(t) = 41*t + 181. Let f(h) = 7*b(h) - 5*j(h). Let n be f(-6). Calculate the greatest common divisor of 90 and n.
45
Let t(c) = 4*c - 38. Let b be t(10). Suppose -2*h + 0*s = -2*s - 14, 0 = -3*h - 3*s - 3. Suppose h*o + 17 = 35. What is the highest common divisor of b and o?
2
Suppose 2*w - 428 = -4*t, -5*w = -5*t - 8*w + 537. Let g = 49 - 51. Let c be g - (-272)/6 - 32/24. What is the greatest common factor of c and t?
21
Suppose 5*y = 2*y + 84. Let u = -7957 - -8069. What is the greatest common factor of u and y?
28
Let y(c) be the third derivative of 0 + 0*c - 1/60*c**5 - 27*c**2 + 5/6*c**3 - 2/3*c**4. Let p be y(-16). What is the greatest common divisor of p and 65?
5
Let c = -26 + 25. Let j be (-20)/c - (-2)/(-1). Suppose 0 = -9*s + 6*s + j. What is the greatest common divisor of 42 and s?
6
Let v(g) = -g**3 - 26*g**2 - 34*g + 595. Let p be v(-27). What is the greatest common divisor of 285 and p?
19
Let q = 76 - 81. Let j be (126 + -118)/((-2)/q). What is the greatest common divisor of j and 220?
20
Let g be 15/(-60) + (-1 - 2525/(-4)). Calculate the greatest common divisor of g and 21.
21
Let k(t) = 103*t - 317. Let s be k(5). What is the highest common divisor of s and 1452?
66
Let h(w) = 176*w - 2024. Let x be h(28). What is the greatest common factor of 48 and x?
24
Suppose 14*h - 144 = 80. Let b be ((-5192)/(-110))/(2/5). Let j = b - 6. What is the highest common factor of h and j?
16
Suppose 14084 = 2*h - 4*i, 0 = -5*i - 29 + 49. Calculate the greatest common factor of 15 and h.
15
Let t = 33487 + -22357. Calculate the greatest common divisor of 954 and t.
318
Let h(b) = -45*b + 1483. Let t be h(-15). What is the highest common divisor of 249 and t?
83
Let q(w) = 119*w**2 - 5*w - 229. Let x be q(11). Calculate the highest common factor of x and 15.
15
Let a(s) = -24*s**3 - s**2 - 5*s - 3. Let p be a(-3). Let n(l) = 5975*l + 17946. Let v be n(-3). Calculate the highest common factor of p and v.
21
Let k be (16 - 4 - 13)*-7. Let f be -1 - (2 + (-6)/3). Let r be 1*(16/2 + f). What is the highest common divisor of k and r?
7
Suppose 4*k + 5*f - 6717 = 0, 3372 = 2*k - 333*f + 331*f. Calculate the greatest common divisor of 17 and k.
17
Let m(y) = -45*y + 9. Let g(l) = 22*l - 5. Let j(q) = -7*g(q) - 3*m(q). Let x be j(-8). Let r = 5587 - 5523. What is the greatest common factor of x and r?
32
Let k be (-8)/(-52) - (0 - 1233/13). Let w be -15*2/(-6) + k - -5. Calculate the greatest common divisor of w and 63.
21
Let g be (5 - 54/8)*(-151 - -3). What is the highest common divisor of g and 3182?
37
Let h = -6 + 6. Suppose 62 = 4*n + q - h*q, 0 = 3*q - 6. Let y(o) = o**3 + 2*o**2 + 4*o + 45. Let c be y(0). What is the greatest common factor of n and c?
15
Let f(b) = -2*b**2 + 69*b - 18. Suppose 101 = 5*v - 69. Let i be f(v). What is the greatest common divisor of i and 60?
4
Let c(h) = 1312*h - 3512. Let q be c(20). What is the greatest common factor of q and 48?
24
Let s be -2*17/(-8)*4. Suppose 105 = 2*j + s. Suppose 0*a + 2*a = 8. What is the highest common factor of j and a?
4
Suppose 0 = 7*d + 1081 - 3496. What is the highest common divisor of 276 and d?
69
Let o = 137 - -349. Calculate the greatest common factor of 198 and o.
18
Let g(a) = a**3 - 45*a**2 - 112*a + 433. Let f be g(53). Calculate the highest common divisor of f and 71.
71
Let s be ((-2)/4)/(513/114) + 5869/9. What is the greatest common divisor of 20 and s?
4
Suppose 18*t - 8 = -f + 21*t, -4*f + 2*t + 72 = 0. Let y = -483 + 613. What is the highest common factor of y and f?
10
Suppose 0*g = -2*g, -3*b - 7*g = 2*b - 3350. What is the greatest common factor of 50 and b?
10
Suppose 0 = 4*h, 7*h - 3*h + 605 = 5*b. Calculate the highest common factor of 11 and b.
11
Suppose -m - 340 = -y, -2*y = 3*m - m - 664. Suppose 3*o + 332 = -2*g + 932, 3*g = 0. Let l = y - o. Calculate the greatest common factor of 8 and l.
8
Let j = 1399 - 1369. What is the highest common divisor of j and 264?
6
Suppose 4*j + 11248 = 2*t, 2*t = 3*j - 4215 + 15460. What is the greatest common divisor of 318 and t?
106
Let t be (-9)/((-3)/(-13144)*-8). What is the highest common factor of t and 62?
31
Suppose -10*d + 14*d = 32. Let r(x) = 65*x**2 + 8 + d + 12*x - 66*x**2. Let t be r(13). What is the highest common factor of 12 and t?
3
Let h be ((-1092)/35)/(3/(-20)*2). Let i(o) = 2*o**2 - o**2 + 107*o - h*o + 18. Let d be i(-10). What is the greatest common factor of 8 and d?
8
Suppose -7238 = -45*v + 457. What is the greatest common divisor of v and 209?
19
Suppose 2*g - 30 = 6*q - 4*q, -q = 2*g + 21. Let a = q - -19. Let c be ((-17)/(-34))/(a/48). What is the highest common divisor of c and 78?
6
Suppose -4*k + 59 = -237. Suppose 2460*n + 5*v = 2464*n - 1066, 2*n = -v + 512. Calculate the highest common divisor of k and n.
37
Let p = -121 - -355. Let m = p + -229. What is the highest common divisor of 55 and m?
5
Suppose -184*z = -190*z + 486. Calculate the greatest common divisor of z and 2349.
81
Let x(n) = 2*n**2 + 9*n - 19. Let m be x(-8). Let s = 58 - m. Calculate the highest common divisor of 168 and s.
21
Let v = -21 - -28. Let r(h) = -h**3 + 10*h**2 + 6*h - 3. Let x be r(v). What is the greatest common divisor of 124 and x?
62
Suppose -6*u + u = -29280 - 19690. Calculate the highest common divisor of 118 and u.
118
Let z be (-2)/4*(33 - 15) - -399. What is the highest common factor of z and 6370?
130
Suppose -13*k = -k - 300. Calculate the greatest common factor of 1120 and k.
5
Suppose 1654 = -17*w + 8386. Suppose 27*n - 30*n + w = 0. Calculate the highest common divisor of 36 and n.
12
Let a be (-4)/(-54) - 2430316/(-1566). What is the greatest common divisor of a and 291?
97
Suppose 0 = 563*c - 560*c + 2*k - 362, -2*c = 4*k - 228. What is the highest common divisor of 3224 an